5*n - 5*a - 45. Let r be n - 26/(2 - 4). Give i(r).
-2
Let j(x) = x**3 + 4*x**2 + 3*x + 10. Let n = 5249 + -5252. Determine j(n).
10
Let s(v) = v**3 - 19*v**2 - 118*v - 12. Let b be s(24). Let o(d) = 6*d**2 - 215*d - 39. Calculate o(b).
-3
Suppose -3*m - 1 = 4*g - 6, -2*g = 3*m - 7. Let h(n) = 0 + 726*n - 718*n + m. What is h(-6)?
-45
Let r(d) = -d**3 + 3*d**2 + 8*d - 3. Suppose 5*l - 4*y = -13 - 15, -5*y = 5*l + 55. Let f be (2 - (-12)/l)*10. Calculate r(f).
-13
Let j(f) be the first derivative of f**5/120 - 5*f**4/24 - f**3/3 - 22*f - 76. Let h(w) be the third derivative of j(w). Suppose 11 = -3*d - 10. Calculate h(d).
-12
Let t = -8044 + 8055. Let l(i) = 3*i - 1. What is l(t)?
32
Let y(v) be the first derivative of -v**3/6 - 3*v**2/2 - 26*v + 191. Let z(n) be the first derivative of y(n). Calculate z(-9).
6
Let d(q) = -1 - 371*q + 722*q - 363*q. Give d(-2).
23
Suppose 3*a + 7 = -4*h + 1, 0 = a + 2*h + 4. Let c(w) = -11 - w**a + w + 12 + 3*w - 3. Give c(5).
-7
Let z(p) = 11*p**2 + 40*p + 60. Let h(w) = 6*w**2 + 19*w + 35. Let s(u) = 5*h(u) - 3*z(u). Give s(-8).
3
Let r = 54 - 44. Let w(l) = 5*l + 5*l**2 - r*l + 1 + 8*l. What is w(-2)?
15
Let n(k) = 4 + 2080*k + 2072*k + 0 - 4149*k. Calculate n(5).
19
Suppose -100*d - 28*d = -1184 + 288. Let q(v) = -3*v**2 + 13*v + 13. Determine q(d).
-43
Let o(c) = 21*c - 1258. Let r be o(60). Let d(q) = -5*q**3 + 2*q**2 - q + 1. Give d(r).
-33
Suppose -2*t + 6 = 2*f, -3*t - 4*f + 12 = 2. Suppose t*h - 13 + 23 = 0. Let c(z) = 12*z - 7. Let g(m) = 5*m - 4. Let i(a) = 3*c(a) - 7*g(a). What is i(h)?
2
Let d = -5635 + 5648. Let i(a) = 14*a - 184. Determine i(d).
-2
Let h(c) = 5*c - 5. Let w(r) = -r - 1. Let v(n) = -h(n) - 4*w(n). Let a be 12/(-1140)*-10 + (-6671)/19. Let f = 358 + a. Give v(f).
2
Let t = -2216 - -2220. Let j(c) = -c**3 + 5*c**2 - 5*c - 1. Calculate j(t).
-5
Let b be (-7)/(28/(-12)) + -1. Suppose 0 = b*j - j + 15. Let q be (j/45)/(2/(-24)). Let p(h) = h - 3. What is p(q)?
1
Let r(j) = -j**3 + 9*j**2 + j + 5. Let y(s) = s**2 + 3*s - 197. Let v be y(0). Let k = v - -206. Calculate r(k).
14
Let n(r) be the second derivative of -r**4/12 - 11*r**3/6 - 5*r**2 + 3*r - 449. Let x be 1*4*66/(-24). Give n(x).
-10
Let n be (-2)/3*9/(-2). Let q(l) be the third derivative of -1/120*l**6 + 0 - 1/2*l**3 + 42*l**2 + 0*l + 1/15*l**5 - 1/12*l**4. Give q(n).
0
Let l(s) = 2*s + 6. Let o be l(-6). Let z(n) = -94*n**2 - 28*n + 5. Let f(u) = -21*u**2 - 7*u + 1. Let g(r) = -9*f(r) + 2*z(r). Determine g(o).
-5
Let o(t) = 90008*t - 179972*t + 90010*t. What is o(2)?
92
Suppose 5*r - 2*c = 6, -r + 12 - 2 = 4*c. Let j(p) = -13 - p + 3*p**2 - 7*p**r + 5*p**2 + 4. Give j(0).
-9
Suppose 3*l - 720 = 11*l. Let x = l - -221. Let r(y) = 5*y**2 + 132 - x - y**2 - 5*y + y + y**3. Calculate r(-5).
-4
Let q(j) = 6*j + 379. Let m(l) = 2*l**3 - 27*l**2 - 115*l - 132. Let i be m(17). What is q(i)?
-5
Let v = 36 - 25. Suppose 14*f - 24 = v*f. Let t(j) = -2*j + 11. Determine t(f).
-5
Let c(p) = p**2 - p + 22. Let t = 3287 - 3292. Calculate c(t).
52
Let g(y) = 2*y + 6. Let n be (80/(-3))/((-10)/(-30)). Let x be n/24*5/((-75)/(-18)). Determine g(x).
-2
Suppose -5*l = -5*n - 5, -1 = 5*l - 6. Let f be (1 + -1)/(n - (-3 - 0)). Let j(c) = -c + 9. Calculate j(f).
9
Let x(k) = 142*k - 14 - 4 - 128*k + 2 - 2*k**2. Determine x(8).
-32
Let o = -51825/2 + 25913. Let l(f) be the first derivative of -o*f**2 - 34 - 3*f. Calculate l(0).
-3
Let u(z) = -2*z**2 + 1. Suppose -4*k = -2*k - 74. Suppose -4*r - k = -4*a + a, 2*a + 22 = -2*r. Let m = r + 11. Give u(m).
-1
Let q be (-47)/9 - 1 - (-48)/216. Let p(t) = t**3 + 9*t**2 - 2*t - 15. What is p(q)?
105
Let a(z) = z + 1 - 2 + 4*z**2 - 3*z**2. Let u(x) be the second derivative of x**3/6 + 3688*x. Let w(v) = -a(v) - u(v). What is w(-3)?
-2
Let m(b) = 7*b**2 - b - 3. Let v be (2 + -3)/((241/723)/((-2)/(-6))). Give m(v).
5
Let r(x) = -5*x**2 + 6*x - 14. Let j(k) = -14*k**2 + 18*k - 40. Let f be (-67)/(-4) - (2 + (-72)/32). Let g(t) = f*r(t) - 6*j(t). What is g(-7)?
-5
Let s(q) = q + 6. Let o(t) = 3*t + 18. Let a(x) = 6*o(x) - 17*s(x). Let f(b) = 5*b**2 - 32*b - 25. Let r be f(8). Suppose -137*v + 124*v - r = 0. Give a(v).
3
Let z = -288 - -296. Suppose -5 = -y - 2. Let s(p) = 6*p**2 + 9 + 1 + p + 3*p**2 - 9*p - p**y. Determine s(z).
10
Suppose 14*q - 3*q - 1008 = 53*q. Let s(o) = 3*o + 59. What is s(q)?
-13
Let m(s) be the first derivative of 7*s**3/3 + 12*s**2 - 8*s + 4216. What is m(-4)?
8
Let d(c) = 2*c**3 - 17*c**2 + 14*c - 12. Let g be d(8). Suppose -g*k + 41*k + 15 = 0. Let w(u) = -u - 2*u + u**3 + 3 + 3*u + 2*u**2. Give w(k).
-6
Suppose z = 4*w - 13, -z = 42*w - 44*w + 5. Let h(g) = -8*g - 7. Calculate h(w).
-39
Let i(c) = c**3 + 25*c**2 - 2*c - 48. Let b be i(-25). Let p(s) = s**3 - s**2 + 5. Calculate p(b).
9
Let d = 5 + -4. Suppose -b + 4 = -6*j + j, -d = 2*j - b. Let n(l) be the third derivative of -l**6/60 + l**5/30 + l**4/24 - 103*l**2. What is n(j)?
3
Suppose 0 = 5*z - 5*v + 20, -3 = -2*z - v - 5. Let a be (-6)/9*(0 - (-15)/z). Let m(r) = -r**2 + 4*r + 7. Calculate m(a).
2
Let n(p) be the second derivative of -2*p**4/3 + p**3/6 + p**2 + 2*p. Let d(t) = -t**2 - t - 1. Let u = -633 + 634. Let x(l) = u*n(l) + d(l). Determine x(-1).
-8
Let t(w) = 42 + 50 + 24 + 9*w - 83 - w**2. Calculate t(13).
-19
Let c be (7/14)/((-1)/6). Suppose 368 - 360 = -8*n. Let m be ((c - -6) + -4)*(n - 0). Let f(q) = q. Calculate f(m).
1
Let t(z) = 3*z**3 - 2*z**2 - 8*z - 4. Suppose -c = -4*g - 13, 2*g + 59 = -9*c + 24. Give t(c).
-79
Let a(d) be the second derivative of -3*d**4/8 + d**3/6 + d**2/2 + 28*d. Let j(s) be the first derivative of a(s). Suppose -z = 6*z - 21. What is j(z)?
-26
Let s(y) = y**3 + 6*y**2 - 5*y + 12. Let o(j) = j**2 + j. Let k(d) = 6*o(d) + s(d). Let i(f) = 50*f - 1962. Let v be i(39). Determine k(v).
0
Let y = -109 + 112. Suppose 13*j = -y*j + j. Let r(d) = -10 - 3*d**3 + 7*d**3 - 3*d**3. What is r(j)?
-10
Let d(h) = 113*h - 225. Let y(k) = 2*k**2 + 182*k + 2518. Let f be y(-74). Calculate d(f).
1
Let z = 8 + -6. Let y(x) = 2*x**2 - 3 - x**z + 3*x + 8. Suppose -q - 3*t + 1310 = 1346, -t = -5*q - 20. What is y(q)?
23
Let i be (-90)/(-21) - (-4)/(-14). Let f(y) = -7 - 11 + 29 + y - 3 - 11. Let v(b) = -b + 2. Let t(k) = i*v(k) + 3*f(k). Give t(-9).
8
Let r(l) = -l + 6. Let f be r(6). Suppose 3*o - 5*b - 795 = 0, 4*o - b + 601 - 1644 = f. Let a(u) = -2*u + o - 266 + 3*u. Calculate a(5).
-1
Let h(l) = l**3 - 14*l**2 + l - 13. Let q be h(14). Let m(p) = 0*p + 2090 - 4*p - 694 - 695 - 702. Determine m(q).
-5
Let v(r) = r**3 + 98*r**2 - 92*r + 686. Let q be v(-99). Let f(s) = 3*s + 7. What is f(q)?
-14
Let m(d) = -158*d + 2211. Let q be m(14). Let s(z) = 8*z**3 + 2*z**2 + 8*z + 7. Determine s(q).
-7
Let o = 6736 - 6730. Let g(t) = -6*t**3 + t**2 + t + 2. Let f(d) = 7*d**3 - 2*d - 2. Let n(c) = -5*f(c) - 6*g(c). Give n(o).
22
Let l be (-2)/10 + 116/(-20). Let a(j) = 1 - 48*j**2 - 4*j**2 + 52*j**2 + j**2. Determine a(l).
37
Let m be -8 + 11 + (17 - 2). Let d be 6/(-27) - 14/m. Let y(o) = o**3 + o**2 + o + 2. Let b be y(d). Let t(g) = 8*g**2 + g. Give t(b).
9
Let b(x) = -x**2 - 3*x - 7. Suppose -2*m = 237 - 253. Let g(w) = -w**2 + 17*w - 75. Let v be g(m). What is b(v)?
-7
Let d(g) be the second derivative of g**4/12 + 10*g**3/3 - 64*g**2 - 794*g. What is d(5)?
-3
Let w(t) = -4*t**2 - t - 6. Let r(s) = -s**3 - s**2 - 1. Let c(i) = 6*r(i) - w(i). Suppose 39 = 82*z - 43. What is c(z)?
-7
Let c(u) = u**3 + 6*u**2 - 8*u + 7. Let k be (-40)/540 - (-1352)/27. Suppose -r - 17*w - 27 = -13*w, -5*r - 3*w = k. Give c(r).
14
Let d(f) = 63 - 109*f - 5*f - 33 - f - 4*f**2. What is d(-29)?
1
Let v(f) = -2*f**3 - 32*f**2 - 25*f**2 + 56*f**2 + 3*f**3 + 1 - 4. Let n(w) = 14*w**3 + w**2 - w + 3. Let r(i) = -n(i) - v(i). Determine r(-1).
14
Let r be 1 - ((-5)/(-10))/(7/21)*-4. Let a(t) = -t**2 + 14*t + 8. Determine a(r).
57
Suppose -4 = 1337*v - 1334*v + 2*y, -4*y = 4*v + 16. Let p(a) be the first derivative of 4 + 0*a**2 + 2*a - 1/4*a**v + 4/3*a**3. Determine p(3).
11
Let p = 61 - 66. Let t(h) = h**3 + 3*h**2 - 13*h - 19. Let y be t(p). Let g(m) = 2*m - 3. Determine g(y).
-11
Let n(f) = f**3 - 12*f**2 + 2*f - 20. Let d(x) = -212 + 16*x - 9*x - 13*x + 12*x + 22*x. Let a be d(8). What is n(a)?
4
Suppose -2*v - 2*f + 9 = 3*f, 4*